{"id":45,"date":"2023-03-06T00:18:36","date_gmt":"2023-03-06T00:18:36","guid":{"rendered":"https:\/\/grupocivitas.com.ar\/?page_id=45"},"modified":"2023-03-06T00:18:55","modified_gmt":"2023-03-06T00:18:55","slug":"juicio-por-via-materna","status":"publish","type":"page","link":"https:\/\/grupocivitas.com.ar\/index.php\/juicio-por-via-materna\/","title":{"rendered":"Juicio por Via Materna"},"content":{"rendered":"\n<h2 class=\"alignwide has-text-align-center\">Juicio por Via Materna<\/h2>\n\n\n\n<p>De conformidad con el derecho italiano, el ancestro mujer transmite el derecho a la ciudadan\u00eda italiana a sus descendientes nacidos despu\u00e9s del 1 de enero de 1948.<\/p>\n\n\n\n<p>En este sentido la&nbsp;<a href=\"http:\/\/www.ciudadania-italiana.com.ar\/v-ley-91-normas-ciudadania.htm\">Ley 91<\/a>&nbsp;sancionada el d\u00eda 5 de febrero de 1991, establece que es ciudadano por nacimiento: a) El hijo de padre o de madre ciudadanos; b) quien ha nacido en el territorio de la Rep\u00fablica si ambos padres son ignotos o ap\u00e1tridas, o si el hijo no sigue la ciudadan\u00eda de los padres, seg\u00fan la ley del Estado de \u00e9stos (art. 1, inc. 1). Por el inciso 2\u00ba, es considerado ciudadano por nacimiento el hijo de desconocidos encontrado en Italia, si no se prueba la posesi\u00f3n de otra ciudadan\u00eda. Es importante el art. 3, que reproduce, parcialmente, el texto del art. 5 de la ley N.\u00ba 123 de 1983, en tanto considera ciudadano al hijo adoptivo, a\u00fan extranjero de ciudadano o ciudadana italianos, a\u00fan nacido antes de la sanci\u00f3n de la ley. Es decir que ha establecido, expresamente, la retroactividad para esta situaci\u00f3n.<\/p>\n\n\n\n<p>Sin embargo la ley excluye la retroactividad en el art. 20, disponiendo que \u201c\u2026salvo que sea expresamente previsto, el estado de ciudadan\u00eda adquirido anteriormente a la presente ley no se modifica si no por hechos posteriores a la fecha de entrada en vigor de la misma\u201d.<\/p>\n\n\n\n<p>Cuando tenemos una mujer en la l\u00ednea geneal\u00f3gica (sin importar si es la emigrante italiana o una generaci\u00f3n argentina posterior), debemos chequear el a\u00f1o de nacimiento del hijo\/a de esa mujer.<br><\/p>\n\n\n\n<p>La irretroactividad dispuesta por el art. 20 de la Ley 91 del 5 de febrero de 1992, sumada al Dictamen N.\u00ba 105 de 15 de abril de 1983, ha producido que los hijos de ciudadana italiana, y padre extranjero, nacido antes del 1 de enero de 1948 (fecha de entrada en vigor de la Constituci\u00f3n Republicana) queden sujetos a la Ley N.\u00ba 555 del 13 de junio de 1912, a pesar de la declaraci\u00f3n de inconstitucionalidad de la Sentencia N.\u00ba 30 de 1983, de la Corte Constitucional.<\/p>\n\n\n\n<p>Entonces, \u00bfC\u00f3mo puedo saber si me corresponde o no la ciudadan\u00eda?<\/p>\n\n\n\n<p>Si el hijo\/a naci\u00f3 despu\u00e9s de 1948, el reconocimiento ser\u00e1 por la v\u00eda administrativa. Esto es, ante un Consulado.&nbsp;<\/p>\n\n\n\n<p>En cambio, si ese hijo\/a naci\u00f3 antes de 1948, la ciudadan\u00eda deber\u00e1 ser solicitada por la v\u00eda judicial. Esto es, ante la Justicia Italiana, y en Roma.<\/p>\n\n\n\n<p>Nuestros profesionales se encargar\u00e1n de estudiar, preparar y enviar la documentaci\u00f3n a fin de iniciar el procedimiento judicial.&nbsp;<\/p>\n","protected":false},"excerpt":{"rendered":"<p>Juicio por Via Materna De conformidad con el derecho italiano, el ancestro mujer transmite el derecho a la ciudadan\u00eda italiana a sus descendientes nacidos despu\u00e9s del 1 de enero de &#8230;<\/p>\n","protected":false},"author":1,"featured_media":0,"parent":0,"menu_order":0,"comment_status":"closed","ping_status":"closed","template":"","meta":[],"_links":{"self":[{"href":"https:\/\/grupocivitas.com.ar\/index.php\/wp-json\/wp\/v2\/pages\/45"}],"collection":[{"href":"https:\/\/grupocivitas.com.ar\/index.php\/wp-json\/wp\/v2\/pages"}],"about":[{"href":"https:\/\/grupocivitas.com.ar\/index.php\/wp-json\/wp\/v2\/types\/page"}],"author":[{"embeddable":true,"href":"https:\/\/grupocivitas.com.ar\/index.php\/wp-json\/wp\/v2\/users\/1"}],"replies":[{"embeddable":true,"href":"https:\/\/grupocivitas.com.ar\/index.php\/wp-json\/wp\/v2\/comments?post=45"}],"version-history":[{"count":2,"href":"https:\/\/grupocivitas.com.ar\/index.php\/wp-json\/wp\/v2\/pages\/45\/revisions"}],"predecessor-version":[{"id":47,"href":"https:\/\/grupocivitas.com.ar\/index.php\/wp-json\/wp\/v2\/pages\/45\/revisions\/47"}],"wp:attachment":[{"href":"https:\/\/grupocivitas.com.ar\/index.php\/wp-json\/wp\/v2\/media?parent=45"}],"curies":[{"name":"wp","href":"https:\/\/api.w.org\/{rel}","templated":true}]}}