{"id":33,"date":"2023-03-06T00:09:51","date_gmt":"2023-03-06T00:09:51","guid":{"rendered":"https:\/\/grupocivitas.com.ar\/?page_id=33"},"modified":"2023-03-06T00:10:15","modified_gmt":"2023-03-06T00:10:15","slug":"asesoria","status":"publish","type":"page","link":"https:\/\/grupocivitas.com.ar\/index.php\/asesoria\/","title":{"rendered":"Asesor\u00eda"},"content":{"rendered":"\n<h2 class=\"alignwide has-text-align-center\">Asesor\u00edas<\/h2>\n\n\n\n<p>En Grupo Civitas contamos con un equipo de trabajo dedicado a la tramitaci\u00f3n de documentaci\u00f3n, traducciones y legalizaciones necesarias para completar la solicitud de tu ciudadan\u00eda europea.<\/p>\n\n\n\n<p>Te acompa\u00f1amos y asesoramos durante todo el proceso.&nbsp;<\/p>\n\n\n\n<p>Desde un inicio contar\u00e1s con un asesor personalizado quien te guiar\u00e1 en las distintas etapas del proceso desde c\u00f3mo y d\u00f3nde iniciar tu tr\u00e1mite, en la confecci\u00f3n de la documentaci\u00f3n y posterior presentaci\u00f3n ante las autoridades correspondientes.&nbsp;<\/p>\n","protected":false},"excerpt":{"rendered":"<p>Asesor\u00edas En Grupo Civitas contamos con un equipo de trabajo dedicado a la tramitaci\u00f3n de documentaci\u00f3n, traducciones y legalizaciones necesarias para completar la solicitud de tu ciudadan\u00eda europea. Te acompa\u00f1amos &#8230;<\/p>\n","protected":false},"author":1,"featured_media":0,"parent":0,"menu_order":0,"comment_status":"closed","ping_status":"closed","template":"","meta":[],"_links":{"self":[{"href":"https:\/\/grupocivitas.com.ar\/index.php\/wp-json\/wp\/v2\/pages\/33"}],"collection":[{"href":"https:\/\/grupocivitas.com.ar\/index.php\/wp-json\/wp\/v2\/pages"}],"about":[{"href":"https:\/\/grupocivitas.com.ar\/index.php\/wp-json\/wp\/v2\/types\/page"}],"author":[{"embeddable":true,"href":"https:\/\/grupocivitas.com.ar\/index.php\/wp-json\/wp\/v2\/users\/1"}],"replies":[{"embeddable":true,"href":"https:\/\/grupocivitas.com.ar\/index.php\/wp-json\/wp\/v2\/comments?post=33"}],"version-history":[{"count":1,"href":"https:\/\/grupocivitas.com.ar\/index.php\/wp-json\/wp\/v2\/pages\/33\/revisions"}],"predecessor-version":[{"id":34,"href":"https:\/\/grupocivitas.com.ar\/index.php\/wp-json\/wp\/v2\/pages\/33\/revisions\/34"}],"wp:attachment":[{"href":"https:\/\/grupocivitas.com.ar\/index.php\/wp-json\/wp\/v2\/media?parent=33"}],"curies":[{"name":"wp","href":"https:\/\/api.w.org\/{rel}","templated":true}]}}